Let m(x) = -2*x - 107. Determine m(-4).
-99
Let n(d) = -3*d**2 + 5*d - 11. Determine n(3).
-23
Let z(h) = -62*h**2 - 112*h - 1. Determine z(-2).
-25
Let b(m) = -12*m**2 + m - 4. What is b(3)?
-109
Let s(l) = l**3 - 1171*l - 6820. Give s(-6).
-10
Let v(m) = -876*m + 861. What is v(1)?
-15
Let h(q) = 2*q**3 + 6*q**2 - 29*q - 37. What is h(-5)?
8
Let b(q) = -18*q + 19. Calculate b(16).
-269
Let u(d) = 357*d - 3206. Calculate u(9).
7
Let h(f) = -678*f + 1362. Give h(2).
6
Let g(r) = -49*r + 4377. Give g(92).
-131
Let g(k) = -75*k**2 - 161*k - 162. What is g(-1)?
-76
Let u(j) = -1471*j - 41198. Determine u(-28).
-10
Let i(z) = z**2 + 24*z + 5. Give i(0).
5
Let k(y) = -3*y**2 + 37*y + 39. What is k(14)?
-31
Let m(l) = -223*l + 5581. What is m(25)?
6
Let h(p) = -11*p**2 + 87*p + 730. Give h(13).
2
Let v(k) = 18*k**3 + 5*k**2 + 17*k - 71. What is v(3)?
511
Let s(n) = 248*n - 746. Determine s(3).
-2
Let q(p) = 4*p**3 - 104*p**2 + p - 27. Determine q(26).
-1
Let d(f) = f**2 + 1214*f + 50372. Give d(-43).
19
Let w(g) = -497*g + 8458. Calculate w(17).
9
Let u(t) = 24*t + 538. Calculate u(-24).
-38
Let g(t) = -454*t**2 - 33596*t - 10. Give g(-74).
-10
Let d(k) = 291*k + 1170. Determine d(-4).
6
Let a(t) = 682*t - 30688. What is a(45)?
2
Let l(m) = 13*m + 499. Calculate l(-38).
5
Let w(a) = -55*a - 141. What is w(-10)?
409
Let i(a) = a**3 - 15*a**2 + 29*a - 179. What is i(14)?
31
Let b(w) = -w**3 + 19*w**2 + 31*w - 7. Calculate b(21).
-238
Let j(o) = 53745*o + 483711. What is j(-9)?
6
Let i(s) = 4564*s + 36497. Calculate i(-8).
-15
Let i(f) = f**3 + 15*f**2 - 10*f + 58. Calculate i(-16).
-38
Let q(t) = -6*t - 325. Calculate q(-53).
-7
Let h(i) = 354*i - 10977. Determine h(31).
-3
Let y(d) = -d**2 - 144*d + 6906. What is y(-182)?
-10
Let d(z) = -z**2 - 46*z - 202. What is d(-5)?
3
Let l(y) = -18*y**2 - y + 8. Calculate l(2).
-66
Let o(m) = -6*m**3 + 6*m**2 + 4*m. Determine o(3).
-96
Let d(x) = x**3 - 17*x**2 + 12*x - 52. Calculate d(17).
152
Let p(c) = -19*c - 187. Determine p(-9).
-16
Let n(m) = 3*m**3 - 3*m**2 - 5*m - 5. Determine n(-2).
-31
Let i(h) = 34*h**2 - 168*h - 4. What is i(5)?
6
Let h(v) = -625*v + 32. Give h(0).
32
Let l(d) = d**3 + 28*d**2 - 163*d - 3883. What is l(-29)?
3
Let h(k) = k**2 + 32*k + 58. Determine h(-26).
-98
Let g(d) = 39*d + 1519. What is g(-39)?
-2
Let p(w) = w**3 + 5*w**2 - 22*w - 79. Determine p(-3).
5
Let f(o) = -o**3 - 9*o**2 + 5*o + 2. Determine f(-5).
-123
Let b(g) = 2*g**2 + 139*g + 852. Calculate b(-6).
90
Let j(h) = -3*h**2 - 115*h + 15403. Determine j(55).
3
Let k(o) = o**3 + 8*o**2 - o + 6. Give k(-5).
86
Let w(v) = -556*v + 250. What is w(-1)?
806
Let a(x) = x**3 - 5*x**2 - 24*x - 22. What is a(9)?
86
Let u(i) = 145*i - 10997. Give u(76).
23
Let a(v) = -6*v - 890. Give a(-26).
-734
Let y(w) = -189*w - 2844. Calculate y(-15).
-9
Let k(f) = -14*f - 75. Give k(-14).
121
Let x(a) = -341*a + 9884. What is x(29)?
-5
Let v(l) = l**3 + 16*l**2 + 29*l + 18. Give v(-14).
4
Let z(u) = -5*u**3 - 218*u**2 - 338*u - 73. Give z(-42).
11
Let b(a) = -a**3 - 49*a**2 - 3*a - 253. Calculate b(-49).
-106
Let y(d) = -d**3 - 10*d**2 - 14*d - 30. Determine y(-9).
15
Let y(f) = 3*f**2 + 81*f + 67. What is y(-26)?
-11
Let h(r) = 221*r + 87. Give h(-1).
-134
Let f(r) = r**2 + 9*r - 40. What is f(3)?
-4
Let r(t) = 1854*t - 85270. Give r(46).
14
Let u(f) = -12*f**2 - 221*f - 896. Determine u(-11).
83
Let a(c) = 10*c - 389. Give a(35).
-39
Let v(q) = q**3 - 12*q**2 - 62*q + 610. Determine v(13).
-27
Let n(f) = 6*f**2 + 34*f + 87. Give n(-5).
67
Let c(r) = 59*r**2 - 6*r - 1. Determine c(4).
919
Let o(g) = -g**3 - 13*g**2 - 27*g - 19. Determine o(-11).
36
Let q(y) = 120*y + 4171. Give q(-35).
-29
Let j(r) = 14*r - 353. Calculate j(60).
487
Let a(w) = -2*w**2 - 20*w + 24. What is a(-11)?
2
Let o(y) = -211*y + 227. Give o(3).
-406
Let z(w) = 227*w + 6. Calculate z(1).
233
Let g(s) = s**3 - 16*s**2 - 422*s + 78. What is g(30)?
18
Let l(h) = -1208*h - 6078. What is l(-5)?
-38
Let g(a) = a**3 - 19*a**2 + 53*a + 26. Give g(16).
106
Let c(q) = 2*q**2 + 77*q + 192. Give c(-36).
12
Let s(i) = i**2 - 130*i + 2546. What is s(24)?
2
Let b(g) = g**3 - 49*g**2 + 136*g + 41. Calculate b(46).
-51
Let r(i) = i**3 - 95*i - 321. What is r(-4)?
-5
Let u(i) = -i**3 + 16*i**2 - 8*i - 11. Determine u(6).
301
Let x(y) = 3*y**2 - 81*y - 260. Calculate x(30).
10
Let w(y) = -5*y**2 + 239*y - 94. Determine w(47).
94
Let s(j) = 3876*j + 27132. Calculate s(-7).
0
Let r(k) = -k**2 + 90*k - 1228. Give r(17).
13
Let y(l) = -l**3 + 10*l**2 + 25*l + 14. What is y(12)?
26
Let p(c) = 5*c**2 + 16*c - 177. Determine p(-8).
15
Let y(f) = 5*f**3 - 3*f**2 - 10*f + 22. Determine y(2).
30
Let k(n) = -40*n - 2932. What is k(-73)?
-12
Let h(b) = b**3 - 9*b**2 - 32*b + 313. Calculate h(8).
-7
Let i(r) = 3*r - 73. What is i(-4)?
-85
Let h(a) = -a**3 - 4*a**2 + 77*a + 368. Calculate h(-5).
8
Let q(d) = 8*d**2 - d + 111. Give q(-9).
768
Let u(q) = -7*q + 28. Determine u(-17).
147
Let c(y) = y**3 - 24*y**2 + 73*y + 16. Determine c(20).
-124
Let j(w) = 57*w + 2912. Give j(-51).
5
Let k(p) = -351*p + 350. Give k(1).
-1
Let t(s) = 224*s + 6047. Calculate t(-27).
-1
Let h(a) = 20*a + 1067. Calculate h(-52).
27
Let m(t) = t**3 - 17*t**2 - 10*t - 46. Determine m(18).
98
Let j(n) = -592*n + 9480. Give j(16).
8
Let q(c) = -3*c**3 - 5*c**2 + 16*c + 28. Determine q(-5).
198
Let s(r) = -r**2 - 3*r + 42. Calculate s(11).
-112
Let h(q) = 76*q - 405. Give h(5).
-25
Let o(a) = 418*a + 30097. Give o(-72).
1
Let m(z) = -z**3 - 8*z**2 + 48*z + 70. What is m(5)?
-15
Let z(l) = -l**3 - l**2 + 130*l + 56. What is z(11)?
34
Let o(j) = -1037*j + 27998. Give o(27).
-1
Let u(x) = -2*x**2 - 56*x + 250. What is u(4)?
-6
Let k(u) = 921*u - 52491. Calculate k(57).
6
Let r(o) = -176*o - 688. Determine r(-4).
16
Let u(k) = 3*k**2 + 595*k - 1186. What is u(2)?
16
Let h(l) = -10*l - 36. Give h(-5).
14
Let v(i) = 42*i - 26. Calculate v(1).
16
Let n(p) = -287*p**3 - 3*p**2 + 2*p + 6. What is n(-1)?
288
Let r(o) = -33*o + 119. Determine r(5).
-46
Let k(y) = 3*y**3 + 355*y**2 + 468*y - 127. Calculate k(-117).
-127
Let k(j) = -2*j**3 - 185*j**2 + 478*j + 119. Determine k(-95).
-166
Let v(o) = 22*o + 360. Determine v(-15).
30
Let a(x) = 51*x + 10955. Calculate a(-215).
-10
Let w(a) = -2*a**3 + 77*a**2 - 39*a - 94. Give w(38).
-132
Let u(m) = 1380*m - 9658. Determine u(7).
2
Let c(w) = 834*w + 15855. Determine c(-19).
9
Let r(q) = -14*q - 190. What is r(-13)?
-8
Let j(a) = -a**3 + 55*a**2 - 55*a - 52. What is j(54)?
-106
Let b(r) = -r**3 + 15*r**2 + 3*r - 240. What is b(14)?
-2
Let p(z) = -5*z**3 + 97*z - 96. Calculate p(1).
-4
Let j(v) = -11*v**3 - 3*v**2 + 43*v + 87. Calculate j(-2).
77
Let i(r) = r**3 + 200*r**2 + 190*r - 1810. Determine i(-199).
-19
Let l(m) = 102*m + 454. What is l(-5)?
-56
Let k(w) = w**2 - 184*w + 1086. What is k(6)?
18
Let c(a) = a**2 + 5*a - 296. Give c(-21).
40
Let a(c) = c**2 + 7664*c + 76534. What is a(-10)?
-6
Let b(f) = -5*f**2 + 81*f + 648. Give b(22).
10
Let r(y) = 3*y**3 + 30*y**2 - 3*y - 25. What is r(-10)?
5
Let q(l) = -3*l**2 - 121*l - 16. Calculate q(-41).
-98
Let s(c) = -c**2 - 110*c + 345. What is s(-113)?
6
Let d(s) = 2*s**3 - 10*s**2 - 2*s + 14. Determine d(4).
-26
Let l(m) = -35*m + 31. What is l(1)?
-4
Let y(m) = m**3 - 14*m**2 + 11*m + 16. Give y(8).
-280
Let q(l) = 27*l**2 + 1555*l - 591. Calculate q(-58).
47
Let s(q) = q**3 - 14*q**2 - 12*q - 8. What is s(15)?
37
Let q(a) = 2347*a - 4. Give q(0).
-4
Let r(c) = -c**2 + 44*c + 614. What is r(-11)?
9
Let p(f) = -68*f - 63. Give p(-8).
481
Let m(l) = 2*l**2 + 14*l - 56. Calculate m(7).
140
Let d(t) = -7*t**2 - 12*t + 319. Calculate d(-8).
-33
Let u(c) = -c**2 + 34*c - 82. Calculate u(34).
-82
Let s(u) = -1172*u - 2343. What is s(-2)?
1
Let w(y) = -781*y - 39074. Calculate w(-50).
-24
Let y(v) = -1152*v - 3447. Calculate y(-3).
9
Let q(m) = 556*m + 36713. Calculate q(-66).
17
Let f(n) = n**2 - 57*n + 428. Give f(45).
-112
Let d(p) = -554*p + 198334. What is d(358)?
2
Let k(d) = d**3 - 204*d**2 - 183*d - 4480. Calculate k(205).
30
Let j(z) = -2*z**2 - 1664*z - 52746. Give j(-33).
-12
Let u(x) = -x**3 - 30*x**2 + 66*x - 23. Give u(-32).
-87
Let j(a) = 82*a - 88. Give j(3).
158
Let a(b) = 303*b**2 - 2418*b - 43. Determine a(8).
5
Let x(q) = -2